{"id":4658,"date":"2019-08-21T18:23:49","date_gmt":"2019-08-21T17:23:49","guid":{"rendered":"http:\/\/www.zssafarikova.cz\/?page_id=4658"},"modified":"2024-04-02T07:18:33","modified_gmt":"2024-04-02T06:18:33","slug":"dokumenty","status":"publish","type":"page","link":"https:\/\/www.zssafarikova.cz\/?page_id=4658","title":{"rendered":"Dokumenty"},"content":{"rendered":"\n<h2 class=\"wp-block-heading\">Organizace a \u0161koln\u00ed \u0159\u00e1d<\/h2>\n\n\n<div class=\"sz-google-drive\"><div class=\"sz-google-drive-embed\" style=\"margin-bottom:1em;\"><div class=\"sz-google-drive-embed-embed\"><script type=\"text\/javascript\">var h='<'+'iframe src=\"https:\/\/docs.google.com\/embeddedfolderview?id=0B6YBvn9rZHpuRGZWdTA0VEllQUU#list\" width=\"100%\" height=\"250\" frameborder=\"0\" style=\"border:none;\"><\/'+'iframe'+'>';document.write(h);<\/script><\/div><\/div><\/div>\n\n\n\n<h2 class=\"wp-block-heading\">Rozpo\u010dty<\/h2>\n\n\n<div class=\"sz-google-drive\"><div class=\"sz-google-drive-embed\" style=\"margin-bottom:1em;\"><div class=\"sz-google-drive-embed-embed\"><script type=\"text\/javascript\">var h='<'+'iframe src=\"https:\/\/docs.google.com\/embeddedfolderview?id=1aYjGyhF0Vk5RjUOWUtFgtGfjAu9mv0NI#list\" width=\"100%\" height=\"250\" frameborder=\"0\" style=\"border:none;\"><\/'+'iframe'+'>';document.write(h);<\/script><\/div><\/div><\/div>\n\n\n\n<h2 class=\"wp-block-heading\">\u0160koln\u00ed vzd\u011bl\u00e1vac\u00ed program<\/h2>\n\n\n<div class=\"sz-google-drive\"><div class=\"sz-google-drive-embed\" style=\"margin-bottom:1em;\"><div class=\"sz-google-drive-embed-embed\"><script type=\"text\/javascript\">var h='<'+'iframe src=\"https:\/\/docs.google.com\/embeddedfolderview?id=0B6YBvn9rZHpub2NNcUxTNE1xSkk#list\" width=\"100%\" height=\"250\" frameborder=\"0\" style=\"border:none;\"><\/'+'iframe'+'>';document.write(h);<\/script><\/div><\/div><\/div>\n\n\n\n<h2 class=\"wp-block-heading\">V\u00fdro\u010dn\u00ed zpr\u00e1vy<\/h2>\n\n\n<div class=\"sz-google-drive\"><div class=\"sz-google-drive-embed\" style=\"margin-bottom:1em;\"><div class=\"sz-google-drive-embed-embed\"><script type=\"text\/javascript\">var h='<'+'iframe src=\"https:\/\/docs.google.com\/embeddedfolderview?id=0B6YBvn9rZHpuR21KaDRfZThWUjg#list\" width=\"100%\" height=\"250\" frameborder=\"0\" style=\"border:none;\"><\/'+'iframe'+'>';document.write(h);<\/script><\/div><\/div><\/div>\n\n\n\n<h2 class=\"wp-block-heading\">Z\u00e1pisy z jedn\u00e1n\u00ed \u0161kolsk\u00e9 rady<\/h2>\n\n\n<div class=\"sz-google-drive\"><div class=\"sz-google-drive-embed\" style=\"margin-bottom:1em;\"><div class=\"sz-google-drive-embed-embed\"><script type=\"text\/javascript\">var h='<'+'iframe src=\"https:\/\/docs.google.com\/embeddedfolderview?id=1TSm1Q7kON6u692FhBnyBCjMh51rTU4sk#list\" width=\"100%\" height=\"250\" frameborder=\"0\" style=\"border:none;\"><\/'+'iframe'+'>';document.write(h);<\/script><\/div><\/div><\/div>\n","protected":false},"excerpt":{"rendered":"<p>Organizace a \u0161koln\u00ed \u0159\u00e1d Rozpo\u010dty \u0160koln\u00ed vzd\u011bl\u00e1vac\u00ed program V\u00fdro\u010dn\u00ed zpr\u00e1vy Z\u00e1pisy z jedn\u00e1n\u00ed \u0161kolsk\u00e9 rady<\/p>\n","protected":false},"author":1,"featured_media":0,"parent":0,"menu_order":0,"comment_status":"closed","ping_status":"closed","template":"","meta":{"footnotes":""},"class_list":["post-4658","page","type-page","status-publish","hentry"],"_links":{"self":[{"href":"https:\/\/www.zssafarikova.cz\/index.php?rest_route=\/wp\/v2\/pages\/4658","targetHints":{"allow":["GET"]}}],"collection":[{"href":"https:\/\/www.zssafarikova.cz\/index.php?rest_route=\/wp\/v2\/pages"}],"about":[{"href":"https:\/\/www.zssafarikova.cz\/index.php?rest_route=\/wp\/v2\/types\/page"}],"author":[{"embeddable":true,"href":"https:\/\/www.zssafarikova.cz\/index.php?rest_route=\/wp\/v2\/users\/1"}],"replies":[{"embeddable":true,"href":"https:\/\/www.zssafarikova.cz\/index.php?rest_route=%2Fwp%2Fv2%2Fcomments&post=4658"}],"version-history":[{"count":3,"href":"https:\/\/www.zssafarikova.cz\/index.php?rest_route=\/wp\/v2\/pages\/4658\/revisions"}],"predecessor-version":[{"id":7541,"href":"https:\/\/www.zssafarikova.cz\/index.php?rest_route=\/wp\/v2\/pages\/4658\/revisions\/7541"}],"wp:attachment":[{"href":"https:\/\/www.zssafarikova.cz\/index.php?rest_route=%2Fwp%2Fv2%2Fmedia&parent=4658"}],"curies":[{"name":"wp","href":"https:\/\/api.w.org\/{rel}","templated":true}]}}